 - 53. Determine v(-7).
10
Let s(f) = -2*f**2 - 14*f + 290. Calculate s(9).
2
Let b(j) = -5*j**2 + 31*j - 205. What is b(6)?
-199
Let r(z) = -z**2 - 4*z + 579. Calculate r(22).
7
Let p(f) = -2223*f + 62235. Calculate p(28).
-9
Let s(o) = -o**3 - 30*o**2 + 161*o - 492. Determine s(-35).
-2
Let m(v) = 2*v**3 + 133*v**2 - 956*v - 511. Give m(-73).
0
Let m(l) = -2*l**2 + 51*l + 804. What is m(-11)?
1
Let g(q) = -23*q**2 - 2*q + 7. Calculate g(3).
-206
Let i(l) = -399*l - 29533. What is i(-74)?
-7
Let p(m) = -m**3 - 2*m**2 + 18*m - 5. Give p(-7).
114
Let q(j) = -15*j + 86. Give q(6).
-4
Let m(k) = 85*k - 512. Give m(6).
-2
Let u(h) = h**2 - 20*h - 24. What is u(23)?
45
Let d(k) = -k**2 + 106*k + 3428. What is d(-26)?
-4
Let d(v) = -v**3 + 5*v**2 - 4*v + 12. Give d(5).
-8
Let p(n) = -5617*n + 129202. Determine p(23).
11
Let w(d) = 27*d + 13. Calculate w(-3).
-68
Let n(j) = 48*j**3 + j**2 + 63*j + 61. Calculate n(-1).
-49
Let n(h) = 78*h - 931. What is n(12)?
5
Let f(u) = -2*u**2 - 2*u - 29. Calculate f(-5).
-69
Let p(g) = g**3 + 4*g**2 - 48*g + 13. What is p(6)?
85
Let b(g) = g**2 + 26*g + 54. Give b(-3).
-15
Let h(o) = 55*o + 19. Determine h(-1).
-36
Let l(t) = -2*t**2 - 118*t - 1670. What is l(-34)?
30
Let o(n) = 2*n**3 + 38*n**2 + 19*n - 272. Calculate o(-18).
34
Let s(c) = -273*c - 936. Give s(-4).
156
Let m(u) = -34*u + 404. Determine m(31).
-650
Let v(g) = -7*g + 328. Calculate v(39).
55
Let h(m) = -7*m**2 + 28*m - 4. Determine h(4).
-4
Let s(d) = -4*d**3 - 5*d**2 - 10*d - 1. Determine s(-4).
215
Let t(h) = h**2 - 7*h - 279. Calculate t(-16).
89
Let v(b) = -b**3 - 7*b**2 + b - 6. What is v(-7)?
-13
Let n(m) = 10*m - 108. Calculate n(5).
-58
Let r(m) = m**3 + 20*m**2 - 2*m - 43. Give r(-20).
-3
Let k(z) = 23*z + 20. What is k(2)?
66
Let r(t) = 26*t + 377. Determine r(-15).
-13
Let x(j) = 29958*j - 119830. What is x(4)?
2
Let a(b) = -b**3 + 3*b**2 + 760*b - 3758. What is a(5)?
-8
Let o(q) = -6*q**2 + 87*q - 385. Calculate o(6).
-79
Let j(s) = 588*s + 7085. Determine j(-12).
29
Let i(f) = -6*f**3 + 7*f**2 + 8*f - 6. What is i(-3)?
195
Let g(m) = -8*m**3 + 6*m**2 + 22*m - 10. What is g(2)?
-6
Let y(i) = -4*i**2 + 43*i + 24. Calculate y(6).
138
Let s(z) = z**3 - 83*z**2 - 82*z - 164. Calculate s(84).
4
Let c(v) = -3*v**2 + 18*v + 213. Determine c(12).
-3
Let u(r) = -r**3 - 23*r**2 + 15*r - 239. Calculate u(-24).
-23
Let h(j) = 5*j**2 - 123*j + 598. Determine h(6).
40
Let b(t) = -3*t**3 - 5*t**2 + 13*t + 2. Determine b(3).
-85
Let u(q) = 22*q + 89. Give u(-4).
1
Let z(v) = 24*v**2 + 458*v - 17. What is z(-19)?
-55
Let p(v) = 139*v - 1256. Calculate p(9).
-5
Let u(l) = 65*l - 502. Calculate u(8).
18
Let t(c) = -23*c + 5. What is t(-2)?
51
Let o(s) = -50*s + 108. Determine o(2).
8
Let c(a) = -5*a**3 - 42*a**2 - 46*a + 24. Calculate c(-7).
3
Let p(s) = -s**3 - 51*s**2 - 314*s - 262. What is p(-44)?
2
Let y(a) = 25*a**2 - 149*a + 27. What is y(6)?
33
Let n(r) = r**2 - 216*r - 3018. Calculate n(-13).
-41
Let x(v) = -v**2 - 105*v - 100. What is x(-1)?
4
Let v(k) = 7*k**2 - 36*k - 76. Determine v(-2).
24
Let t(q) = -2*q**2 - 30*q - 124. What is t(-13)?
-72
Let n(h) = -h**3 - 57*h**2 + 182*h + 87. What is n(-60)?
-33
Let s(q) = -28*q**2 - 9*q - 4. Give s(-5).
-659
Let i(s) = 2*s**2 + 1330*s + 8002. Determine i(-6).
94
Let v(u) = u**2 + 63*u + 670. What is v(-26)?
-292
Let w(x) = -10*x**3 - 5*x - 5. What is w(-1)?
10
Let k(c) = 2*c**2 + 60*c - 470. Calculate k(-36).
-38
Let r(w) = 11*w**2 + 176*w + 16. Determine r(-16).
16
Let c(k) = -k**3 - 16*k**2 + 60*k + 21. Calculate c(-19).
-36
Let v(k) = k**2 - 55*k - 973. What is v(68)?
-89
Let m(k) = k**3 + 7*k**2 - 229*k + 9. What is m(-19)?
28
Let p(x) = -x**2 + 24*x - 42. Give p(2).
2
Let w(p) = -19*p + 38. What is w(-4)?
114
Let v(y) = 6*y - 39. Give v(10).
21
Let k(x) = 2*x**3 + 9*x**2 - 38*x + 102. Give k(-8).
-42
Let d(i) = 12*i**2 + 92*i - 17. What is d(-8)?
15
Let i(n) = 4*n**2 - 21*n + 41. Determine i(7).
90
Let v(c) = 85*c - 139. Determine v(-3).
-394
Let q(o) = -o**3 - 15*o**2 - 2*o - 44. Give q(-15).
-14
Let h(r) = 487*r - 76453. Determine h(157).
6
Let a(y) = -y**3 + 27*y**2 - 31*y - 57. Give a(26).
-187
Let c(s) = -s**2 + 25*s + 68. Determine c(26).
42
Let n(b) = -3*b**2 - 54*b - 154. Give n(-10).
86
Let f(c) = 10*c**2 - 525*c - 1086. Give f(-2).
4
Let u(q) = q**3 + 9*q**2 + 12*q - 26. Give u(-8).
-58
Let q(o) = -4*o**3 - 315*o**2 + 62*o - 1340. Determine q(-79).
3
Let a(m) = 406*m - 7652. Determine a(19).
62
Let u(i) = -6*i**2 - 245*i + 166. Determine u(-41).
125
Let h(g) = -g**3 + 160*g**2 - 1633*g - 59. Give h(11).
7
Let f(u) = 2738*u + 13707. Give f(-5).
17
Let k(y) = -5*y**2 - 36*y - 197. Determine k(-8).
-229
Let g(x) = -749*x - 2289. Calculate g(-3).
-42
Let t(w) = -5*w**2 - w + 98. What is t(8)?
-230
Let r(k) = 808*k + 5652. What is r(-7)?
-4
Let o(y) = 4*y + 160. Give o(44).
336
Let v(s) = -4*s**3 + 16*s**2 + 61*s - 234. What is v(4)?
10
Let s(l) = 30*l - 2252. Give s(75).
-2
Let y(w) = -22*w + 538. What is y(14)?
230
Let o(m) = -m**2 + 16*m + 45. Determine o(19).
-12
Let c(m) = m**3 + 4*m**2 - 136*m + 16. Determine c(11).
335
Let o(l) = 11*l - 63. Determine o(5).
-8
Let q(z) = -91*z + 1916. Determine q(21).
5
Let z(k) = 4*k + 227. Determine z(-89).
-129
Let d(u) = -2213*u + 6623. Give d(3).
-16
Let s(f) = -2*f**3 + 84*f**2 - 13*f + 509. Determine s(42).
-37
Let g(h) = 6*h**3 + 266*h**2 + 86*h - 86. Give g(-44).
2
Let m(d) = 534*d - 3722. Calculate m(7).
16
Let m(t) = 1042*t + 8335. Determine m(-8).
-1
Let o(k) = 2*k**3 + 4*k**2 + 6*k - 18. Give o(-4).
-106
Let x(r) = -2*r**3 - 58*r**2 + 44*r - 486. Calculate x(-30).
-6
Let c(i) = i**3 - 50*i**2 + 14*i + 152. Give c(50).
852
Let l(x) = x**3 - 18*x**2 + 8*x - 136. Give l(18).
8
Let s(q) = 2*q**3 + 100*q**2 + 6*q + 403. What is s(-50)?
103
Let v(x) = -1787*x + 19639. Give v(11).
-18
Let u(b) = 39*b + 1982. Give u(-51).
-7
Let b(s) = 11*s + 185. What is b(-23)?
-68
Let q(k) = 82*k**3 + 499*k**2 + 46*k + 29. What is q(-6)?
5
Let g(f) = 84*f - 1253. Give g(15).
7
Let m(i) = 57*i - 36. Give m(1).
21
Let o(z) = 2*z**3 + 104*z**2 + 259*z + 2959. Calculate o(-50).
9
Let n(w) = -w**3 + 112*w**2 - w + 113. Determine n(112).
1
Let l(g) = g**2 - 44*g + 222. Give l(7).
-37
Let p(c) = 34*c - 1139. Determine p(34).
17
Let x(o) = o**3 + 7*o**2 + 7*o + 3. Calculate x(-4).
23
Let k(v) = -660*v + 17817. Give k(27).
-3
Let w(a) = -a**3 + 201*a**2 + 612*a + 44. What is w(204)?
44
Let t(q) = -21*q**2 + 7078*q - 374. What is t(337)?
-37
Let g(z) = -z**3 + 23*z**2 + 626*z - 60. What is g(39)?
18
Let b(n) = -n**2 + 18*n - 36. Give b(9).
45
Let j(x) = 941*x - 52702. Calculate j(56).
-6
Let w(f) = 6*f**2 + 249*f - 4451. Calculate w(-55).
4
Let i(x) = -x**3 + 69*x**2 + 209*x + 507. Determine i(72).
3
Let z(w) = -44*w**2 + 11*w - 2. Calculate z(2).
-156
Let k(m) = -3*m**2 - 22*m - 19. Calculate k(-6).
5
Let h(a) = -9*a**2 + 54*a + 3. What is h(6)?
3
Let y(u) = -5*u**2 - 8*u - 6. Give y(-5).
-91
Let o(b) = 5*b**2 + 10*b + 16. What is o(-2)?
16
Let w(a) = -36*a**2 - 6*a - 11. What is w(0)?
-11
Let q(r) = -118*r - 1384. What is q(-12)?
32
Let j(i) = 17*i**2 + 10*i + 11. Determine j(-2).
59
Let k(a) = -24*a**2 + 121*a - 55. Calculate k(4).
45
Let y(c) = c**3 - 47*c + 21. Give y(7).
35
Let j(h) = -2*h**2 - 22*h. What is j(-8)?
48
Let r(v) = -6*v**2 + 85*v - 3. Calculate r(14).
11
Let z(l) = 164*l + 219. Determine z(-1).
55
Let h(i) = -59*i + 5654. Give h(96).
-10
Let r(g) = g**2 - 247*g - 2010. What is r(-8)?
30
Let b(o) = 36*o**3 - 2*o**2 + 19*o - 18. Calculate b(1).
35
Let q(r) = -49*r + 1473. Give q(30).
3
Let s(u) = 62*u + 4015. Calculate s(-64).
47
Let l(c) = c**3 - 31*c**2 + 208*c - 5350. Determine l(30).
-10
Let w(f) = -3*f - 130. What is w(-28)?
-46
Let c(n) = 3*n**2 - 17*n + 46. Calculate c(7).
74
Let a(v) = -154*v - 14. Calculate a(-1).
140
Let i(y) = -y**3 - y**2 - 63*y - 385. Calculate i(-5).
30
Let c(q) = 5*q**2 - 9*q - 13. Calculate c(7).
169
Let o(n) = -156*n - 288. Give o(-4).
336
Let j(d) = -d**3 - 21*d**2 - 226*d - 1156. What is j(-10)?
4
Let k(r) = -r**2 - 20*r + 111. Calculate k(-24).
15
Let j(u) = 46*u + 1920. Determine j(-31).
494
Let v(z) = -z**3 + 10*z**2 - 19*z - 25. Calculate v(6).
5
Let c(r) = -225*r - 665. What is c(-3)?
10
Let p(x) = -2*x + 43